(6)?
2, 3, 977
Let t = 34185 - 8993. List the prime factors of t.
2, 47, 67
Let i = 98371 - 49325. List the prime factors of i.
2, 137, 179
Suppose 2*j - 198 = 5*d + 387, 2*d = 5*j - 1473. Suppose 0*w - 5*w = 5*a - j, 4*a - 234 = -5*w. List the prime factors of a.
61
Suppose 4*c + 16 = 0, -4*c - 28 = -q + 806. What are the prime factors of q?
2, 409
Let g(s) = -s**3 - 11*s**2 + 29*s - 9. Let t be g(-10). Let y = -50 - t. List the prime factors of y.
349
Let f(q) = q**3 - 35*q**2 + 16*q + 116. Let o be f(36). Suppose -2*z - 4*s + 2012 = 0, -2*z + 13*s = 11*s - o. List the prime factors of z.
2, 499
Let p = -3393 + 2162. Let l = p - -2929. List the prime factors of l.
2, 3, 283
Suppose -5*a = -2*g - 3*a + 1648, 5*g - 2*a - 4114 = 0. Let l = -472 + g. Let d = -203 + l. List the prime factors of d.
3, 7
Let u(j) = 2*j**2 + 14*j - 22. Let o be u(-11). Let b = o + -153. Let a = 196 + b. What are the prime factors of a?
109
Let g(b) = -64*b - 76. Suppose -5*q - h - 59 = 0, -5*q - 8*h + 6*h = 63. What are the prime factors of g(q)?
2, 157
Suppose 6 = b + b + 4*x, 0 = 2*x - 10. Let y(w) = 8*w**2 + 2*w - 28. List the prime factors of y(b).
2, 5, 7
List the prime factors of 367 + -3 + (-35 - -27).
2, 89
Suppose 0 = -4*p + 4*c + 20, -27 = -4*p + 2*c - 1. Suppose -5*n + p*n = -9. What are the prime factors of n/9 - (-356)/6?
59
Let i(r) = 181*r + 31. Let f be i(3). Suppose 46*q - f = 45*q. List the prime factors of q.
2, 7, 41
Let n(u) = 154*u**2 - 16*u - 5. Let s be n(8). Suppose -18*x = 3*x - s. List the prime factors of x.
463
Let r(p) = -2*p**3 - 35*p**2 - 393*p + 123. List the prime factors of r(-35).
19, 29, 103
Let m(l) = -17*l**3 + 6*l**2 + 12*l + 82. Let c be m(-5). Suppose -6 = -3*v, 2*v + 544 = -3*x + c. List the prime factors of x.
11, 53
Suppose -24*v - 91 = -11*v. Let j(o) = -24*o + 16. List the prime factors of j(v).
2, 23
Let a be 1318/6 + (-3 - (-50)/15). Suppose -a = -4*h + 1088. Suppose -j = -2*j - 3*m + 78, -4*j + h = -3*m. What are the prime factors of j?
3
List the prime factors of 4*-4*76215/(-60).
2, 5081
Let h = -32 + 67. Suppose -11 = -4*r + 3*b, 3*r - 3*b - 2*b = 0. Suppose -4*f - h = g - 558, 4*f = r*g + 529. List the prime factors of f.
131
Suppose -2537*y + 2516*y + 382389 = 0. What are the prime factors of y?
131, 139
Suppose -26*p = 2*p - 9558 - 85530. What are the prime factors of p?
2, 3, 283
Let a = 673 - 666. Suppose 0 = a*t - 2709 - 6160. List the prime factors of t.
7, 181
Let j(a) be the second derivative of a**5/10 + 15*a**4/4 - 55*a**3/6 + 27*a**2 - 60*a. What are the prime factors of j(-23)?
2, 5, 79
Let s(u) = u**2 + 7*u + 9. Let f be s(-6). Let n(q) = -3*q + 15*q + 9*q + 2*q - 1. List the prime factors of n(f).
2, 17
Let p(t) = -10*t + 74. Let l be p(6). What are the prime factors of (197/2)/(15/l - 1)?
7, 197
Suppose -38138 = -3*v - 4*d - 3786, -34338 = -3*v + 3*d. What are the prime factors of v?
2, 3, 53
Suppose 0 = 142*i - 2815102 + 1782132 - 4317448. List the prime factors of i.
41, 919
Suppose 8*w + 1526 - 5578 = -o, 4*o - w = 16109. List the prime factors of o.
2, 19, 53
Let d(t) = -t**3 - 3*t**2 - 4*t + 12. Let q be d(-3). List the prime factors of 4360/q - (10/6 - 1).
181
Let o(j) = -235*j**2 - 11*j - 21. Let f be o(-3). Let z = f + 3000. List the prime factors of z.
3, 13, 23
Suppose -63*i = -88*i + 14212 + 251538. List the prime factors of i.
2, 5, 1063
Let g(u) = -u**3 - 69*u**2 - 152*u + 135. List the prime factors of g(-67).
3, 149
Let f(x) = -2*x**3 - 108*x**2 + 367*x + 69. What are the prime factors of f(-64)?
19, 3079
Let m = 15397 + 7296. What are the prime factors of m?
11, 2063
Let u = 380 + -52. Let h = u - -450. Let x = -531 + h. List the prime factors of x.
13, 19
Suppose -46*r - 935352 = -90*r. What are the prime factors of r?
2, 3, 1181
Suppose -18 = -3*q, 17*g = 16*g + q + 18676. List the prime factors of g.
2, 9341
Let i = 441 - 112. Let p = 10 - -208. Let k = i - p. What are the prime factors of k?
3, 37
Let q(b) be the second derivative of -b**5/20 + b**4/6 + 2*b**3/3 + 5*b**2/2 - 8*b. Let l be q(0). Suppose -l*f - 60 = -760. What are the prime factors of f?
2, 5, 7
Let p(k) = 10*k**2 + 10*k - 14. Let q be 4/(-5)*-5 + 3 + -4. List the prime factors of p(q).
2, 53
Let y = -598 - -526. Suppose -5*v + 10 = 3*u - 3, v = -3*u + 5. What are the prime factors of (-3*1)/(150/y + v)?
2, 3
Let b(k) = -k**3 - 6*k**2 + 6*k + 55. Let s be b(-5). Suppose s = 14*l + 921 - 3735. What are the prime factors of l?
3, 67
Let w = 242 + 1247. List the prime factors of w.
1489
Suppose 109*c - 915098 = 12*c. What are the prime factors of c?
2, 53, 89
Suppose 12*o + 11*o = -23*o + 245088. What are the prime factors of o?
2, 3, 37
Let k(q) = -45*q + 165. Let n = -204 + 178. What are the prime factors of k(n)?
3, 5, 89
Let s = 1780 + -1259. Suppose o - 312 = s. What are the prime factors of o?
7, 17
Let o be (2 - 1) + 0 + 5. Suppose 4*x + 16 = 0, 2*t + 0*x = 5*x + 776. Suppose o + t = 4*k. What are the prime factors of k?
2, 3
Suppose 27*a = 23*a + 4*u + 39376, -a + 9844 = -2*u. What are the prime factors of a?
2, 23, 107
Let k(j) = 5*j - 5*j**3 - 2*j + 116*j**2 - 109*j**2 - 2. List the prime factors of k(-3).
11, 17
Let u be (48/18)/(162084/(-81045) - -2). What are the prime factors of u/90 + (-6)/27?
2, 5
Suppose 95*j + 285938 - 1383473 = 0. What are the prime factors of j?
3, 3851
Let d(l) = 11*l - 37. Let a(c) = 5*c - 18. Let j(q) = -13*a(q) + 6*d(q). Let g be j(-8). Suppose -238 = -g*k + 214. List the prime factors of k.
113
Suppose 47*q = 24*q + 2047. Let a(c) = 63*c + 4. Let f be a(4). Suppose g - q = n, 4*g - n = f + 112. List the prime factors of g.
3, 31
Let v(n) = n**3 - 5*n**2 + n - 46. Suppose -4*u + 27 = 18*z - 17*z, -3*z + 17 = -4*u. What are the prime factors of v(z)?
691
Suppose 5*i = 2*v - 5675, 0 = 49*v - 46*v + i - 8436. List the prime factors of v.
5, 563
Let m(r) = 42*r - 28. Let j(w) = -w + 1. Let s(k) = -140*j(k) - 4*m(k). Let d be s(-8). List the prime factors of d + 8 - (-5 - 0).
11, 19
Let b(y) = -2*y**2 - 17*y + 45. Let w be b(-9). Suppose 2*p - 2*l + 32 = 2*l, -p - 5*l - 2 = 0. What are the prime factors of 3354/w - (-2)/p?
3, 31
List the prime factors of ((-707304)/(-416))/((-3)/(-28)).
7, 2267
Let r = 39526 - -7433. List the prime factors of r.
3, 11, 1423
Let a(d) = -d**2 - 3*d - 3. Let v be a(0). Let f be v/(-6)*(-36)/(-6). Suppose 0*r + 5*j - 707 = -3*r, 2*r - f*j = 446. What are the prime factors of r?
229
Let b be (-12)/(-4) + (-2 - 1). Let y(u) = 2*u**2 - 15*u + 32. Let i be y(8). Suppose -4*t = -b*t + 4*h - i, -3*t = h - 34. List the prime factors of t.
2, 3
Let g be 1/(((-4)/94)/((-22)/(-11))). Let r = g + 57. Suppose -r*k + 540 = -600. What are the prime factors of k?
2, 3, 19
Let m(l) = 17*l**2 + 2*l + 15. Let o(w) = 17*w**2 + 2*w + 14. Let f(x) = -5*m(x) + 6*o(x). Let t be 32/(-12) + 2/3. List the prime factors of f(t).
73
Let v = 40 + -475. Let b = 467 + v. List the prime factors of b.
2
Let g(h) be the second derivative of -9*h**3/2 + 6*h. Suppose -2*u - 6 = 4*d, 2*u = d + u. List the prime factors of g(d).
3
Suppose -3*v + 64 = 13*v. What are the prime factors of 342/10*(-10)/v*-6?
3, 19
Let o = -273 + 276. Suppose 0 = -o*v + 36*v - 9669. List the prime factors of v.
293
Suppose 37 + 243 = 10*m. Let f be (-8)/14 - (-1220)/m. Suppose 140 = f*b - 38*b. What are the prime factors of b?
2, 7
Suppose -5346 = -5*x - 3*i, 6 = -i + 4*i. List the prime factors of (2 + x/(-4)*-1)*1.
269
Let x be -1*(85/15)/(2/(-138)). Let h = -128 + x. List the prime factors of h.
263
Let c(o) = o**3 + 3*o**2 - 9*o - 16. Suppose 0*v = -13*v - 52. Let q be c(v). Suppose 0 = -4*s + 4*p + 700, q*p = 2*s - 29 - 319. List the prime factors of s.
2, 11
Let k(r) = r**2 + 5*r - 7. Let q be k(3). Suppose -5*c = -3*l - 2*l - 45, -l = -5*c + q. List the prime factors of 34 + l + 0 + 3.
2, 3, 5
Suppose -56*c + 504 = -70*c. List the prime factors of 677 - 1 - (c - -42).
2, 5, 67
Suppose 2*a - 1641 = -v - 2*v, 4*a + v = 3257. Suppose -151 = -2*m + a. What are the prime factors of m?
2, 241
List the prime factors of -69*(-20)/(1020/5729).
23, 337
Suppose 0 = 15*o - 11*o - 4*u - 532, 3*o - 4*u = 407. What are the prime factors of o?
5
Suppose -3*r - 3*j - 84 = 2*j, -5*r - 140 = 2*j. Let z = r - -31. What